 is the remainder when 129 is divided by 44?
41
What is the remainder when 62 is divided by 7?
6
Calculate the remainder when 6992 is divided by 12.
8
Calculate the remainder when 2196 is divided by 314.
312
What is the remainder when 257 is divided by 45?
32
Calculate the remainder when 1969 is divided by 31.
16
Calculate the remainder when 1344 is divided by 439.
27
What is the remainder when 11094 is divided by 35?
34
What is the remainder when 51 is divided by 25?
1
What is the remainder when 494 is divided by 155?
29
Calculate the remainder when 1953 is divided by 103.
99
What is the remainder when 375 is divided by 7?
4
Calculate the remainder when 493 is divided by 14.
3
Calculate the remainder when 5039 is divided by 60.
59
What is the remainder when 298 is divided by 120?
58
Calculate the remainder when 8277 is divided by 46.
43
What is the remainder when 129 is divided by 64?
1
Calculate the remainder when 4392 is divided by 163.
154
What is the remainder when 127 is divided by 21?
1
Calculate the remainder when 276 is divided by 25.
1
What is the remainder when 337 is divided by 100?
37
What is the remainder when 12223 is divided by 408?
391
What is the remainder when 41 is divided by 23?
18
What is the remainder when 141 is divided by 11?
9
What is the remainder when 13349 is divided by 15?
14
Calculate the remainder when 170 is divided by 43.
41
Calculate the remainder when 5140 is divided by 51.
40
What is the remainder when 97 is divided by 47?
3
Calculate the remainder when 4203 is divided by 351.
342
What is the remainder when 473 is divided by 7?
4
What is the remainder when 3585 is divided by 23?
20
Calculate the remainder when 374 is divided by 101.
71
What is the remainder when 49 is divided by 9?
4
What is the remainder when 102 is divided by 18?
12
Calculate the remainder when 200 is divided by 60.
20
What is the remainder when 3595 is divided by 179?
15
Calculate the remainder when 1177 is divided by 337.
166
Calculate the remainder when 311 is divided by 26.
25
Calculate the remainder when 1472 is divided by 59.
56
Calculate the remainder when 506 is divided by 34.
30
Calculate the remainder when 188 is divided by 102.
86
Calculate the remainder when 2129 is divided by 22.
17
What is the remainder when 181 is divided by 117?
64
Calculate the remainder when 107 is divided by 8.
3
Calculate the remainder when 42 is divided by 29.
13
What is the remainder when 158 is divided by 145?
13
Calculate the remainder when 201 is divided by 129.
72
What is the remainder when 4744 is divided by 14?
12
Calculate the remainder when 348 is divided by 9.
6
Calculate the remainder when 602 is divided by 224.
154
What is the remainder when 185 is divided by 34?
15
What is the remainder when 402 is divided by 138?
126
What is the remainder when 428 is divided by 43?
41
What is the remainder when 1085 is divided by 154?
7
What is the remainder when 366 is divided by 32?
14
What is the remainder when 488 is divided by 59?
16
Calculate the remainder when 27 is divided by 21.
6
Calculate the remainder when 1113 is divided by 78.
21
What is the remainder when 471 is divided by 150?
21
Calculate the remainder when 129 is divided by 12.
9
Calculate the remainder when 646 is divided by 223.
200
What is the remainder when 2233 is divided by 10?
3
What is the remainder when 396 is divided by 8?
4
What is the remainder when 29 is divided by 15?
14
What is the remainder when 525 is divided by 61?
37
Calculate the remainder when 72 is divided by 33.
6
What is the remainder when 1202 is divided by 208?
162
What is the remainder when 122 is divided by 27?
14
What is the remainder when 210 is divided by 44?
34
Calculate the remainder when 1054 is divided by 471.
112
Calculate the remainder when 163 is divided by 24.
19
Calculate the remainder when 1667 is divided by 109.
32
What is the remainder when 227 is divided by 74?
5
Calculate the remainder when 710 is divided by 72.
62
What is the remainder when 206 is divided by 14?
10
What is the remainder when 249 is divided by 11?
7
Calculate the remainder when 7697 is divided by 175.
172
Calculate the remainder when 81 is divided by 42.
39
Calculate the remainder when 744 is divided by 74.
4
What is the remainder when 868 is divided by 211?
24
Calculate the remainder when 136 is divided by 57.
22
What is the remainder when 413 is divided by 157?
99
Calculate the remainder when 804 is divided by 13.
11
What is the remainder when 149 is divided by 96?
53
What is the remainder when 4624 is divided by 768?
16
What is the remainder when 104 is divided by 22?
16
Calculate the remainder when 1712 is divided by 1699.
13
What is the remainder when 709 is divided by 70?
9
What is the remainder when 345 is divided by 27?
21
What is the remainder when 951 is divided by 56?
55
Calculate the remainder when 809 is divided by 201.
5
What is the remainder when 500 is divided by 148?
56
Calculate the remainder when 72 is divided by 12.
0
What is the remainder when 927 is divided by 8?
7
What is the remainder when 98 is divided by 36?
26
Calculate the remainder when 297 is divided by 60.
57
Calculate the remainder when 582 is divided by 53.
52
What is the remainder when 1135 is divided by 258?
103
What is the remainder when 135 is divided by 24?
15
Calculate the remainder when 111 is divided by 39.
33
What is the remainder when 110 is divided by 30?
20
What is the remainder when 565 is divided by 81?
79
What is the remainder when 445 is divided by 64?
61
Calculate the remainder when 892 is divided by 238.
178
What is the remainder when 1441 is divided by 480?
1
Calculate the remainder when 307 is divided by 102.
1
Calculate the remainder when 196 is divided by 81.
34
Calculate the remainder when 159 is divided by 150.
9
What is the remainder when 47 is divided by 12?
11
What is the remainder when 131 is divided by 28?
19
Calculate the remainder when 332 is divided by 48.
44
Calculate the remainder when 156 is divided by 89.
67
What is the remainder when 1095 is divided by 32?
7
Calculate the remainder when 299 is divided by 32.
11
Calculate the remainder when 134 is divided by 46.
42
Calculate the remainder when 3674 is divided by 14.
6
What is the remainder when 898 is divided by 60?
58
What is the remainder when 89 is divided by 7?
5
What is the remainder when 53 is divided by 28?
25
What is the remainder when 146 is divided by 47?
5
Calculate the remainder when 179 is divided by 90.
89
What is the remainder when 174 is divided by 48?
30
Calculate the remainder when 76 is divided by 64.
12
What is the remainder when 87 is divided by 51?
36
Calculate the remainder when 10086 is divided by 194.
192
Calculate the remainder when 863 is divided by 296.
271
What is the remainder when 107 is divided by 5?
2
Calculate the remainder when 29108 is divided by 205.
203
What is the remainder when 220 is divided by 75?
70
Calculate the remainder when 4360 is divided by 168.
160
What is the remainder when 81 is divided by 21?
18
What is the remainder when 16 is divided by 11?
5
What is the remainder when 790 is divided by 177?
82
Calculate the remainder when 13949 is divided by 7.
5
Calculate the remainder when 123 is divided by 71.
52
Calculate the remainder when 181 is divided by 50.
31
Calculate the remainder when 2867 is divided by 955.
2
Calculate the remainder when 13 is divided by 7.
6
Calculate the remainder when 33398 is divided by 25.
23
Calculate the remainder when 15603 is divided by 34.
31
Calculate the remainder when 26 is divided by 12.
2
What is the remainder when 148 is divided by 39?
31
What is the remainder when 59 is divided by 14?
3
Calculate the remainder when 2449 is divided by 61.
9
What is the remainder when 699 is divided by 8?
3
Calculate the remainder when 967 is divided by 88.
87
Calculate the remainder when 389 is divided by 90.
29
What is the remainder when 202 is divided by 26?
20
What is the remainder when 47 is divided by 4?
3
Calculate the remainder when 26 is divided by 10.
6
Calculate the remainder when 69 is divided by 15.
9
Calculate the remainder when 61 is divided by 24.
13
What is the remainder when 778 is divided by 32?
10
What is the remainder when 1863 is divided by 208?
199
Calculate the r